lculate the remainder when 12525 is divided by 626.
5
What is the remainder when 38436 is divided by 642?
558
Calculate the remainder when 7339 is divided by 7085.
254
Calculate the remainder when 13436 is divided by 36.
8
What is the remainder when 1554 is divided by 181?
106
Calculate the remainder when 1032107 is divided by 462.
461
What is the remainder when 189217 is divided by 435?
427
Calculate the remainder when 2170713 is divided by 148.
145
Calculate the remainder when 4474 is divided by 1447.
133
Calculate the remainder when 5977 is divided by 354.
313
Calculate the remainder when 19091 is divided by 248.
243
What is the remainder when 13339 is divided by 1025?
14
What is the remainder when 7952 is divided by 197?
72
What is the remainder when 3374 is divided by 212?
194
Calculate the remainder when 3991 is divided by 425.
166
What is the remainder when 826 is divided by 794?
32
What is the remainder when 10173 is divided by 5073?
27
Calculate the remainder when 428 is divided by 143.
142
Calculate the remainder when 7234 is divided by 580.
274
Calculate the remainder when 56279 is divided by 750.
29
What is the remainder when 69135 is divided by 168?
87
What is the remainder when 99849 is divided by 125?
99
What is the remainder when 2354 is divided by 43?
32
What is the remainder when 561 is divided by 345?
216
What is the remainder when 18996 is divided by 1735?
1646
Calculate the remainder when 20503 is divided by 226.
163
What is the remainder when 169 is divided by 30?
19
Calculate the remainder when 299480 is divided by 15.
5
What is the remainder when 91 is divided by 59?
32
Calculate the remainder when 6797 is divided by 93.
8
What is the remainder when 1773 is divided by 252?
9
What is the remainder when 16840 is divided by 134?
90
Calculate the remainder when 4365 is divided by 136.
13
Calculate the remainder when 716 is divided by 279.
158
What is the remainder when 10690 is divided by 2534?
554
Calculate the remainder when 13014 is divided by 28.
22
Calculate the remainder when 1122 is divided by 75.
72
Calculate the remainder when 6792 is divided by 91.
58
What is the remainder when 11830 is divided by 909?
13
Calculate the remainder when 732717 is divided by 355.
352
Calculate the remainder when 12393 is divided by 95.
43
What is the remainder when 956584 is divided by 31886?
4
What is the remainder when 449850 is divided by 26?
24
What is the remainder when 252 is divided by 173?
79
Calculate the remainder when 728738 is divided by 121454.
14
What is the remainder when 161842 is divided by 24?
10
Calculate the remainder when 46043 is divided by 21.
11
Calculate the remainder when 21694 is divided by 10847.
0
Calculate the remainder when 55454 is divided by 96.
62
What is the remainder when 7725 is divided by 275?
25
What is the remainder when 1070 is divided by 373?
324
Calculate the remainder when 1574 is divided by 354.
158
Calculate the remainder when 53206 is divided by 24.
22
What is the remainder when 12072 is divided by 75?
72
What is the remainder when 14631 is divided by 665?
1
What is the remainder when 14335 is divided by 128?
127
Calculate the remainder when 11621 is divided by 61.
31
Calculate the remainder when 25345 is divided by 12610.
125
Calculate the remainder when 135337 is divided by 101.
98
What is the remainder when 15049 is divided by 42?
13
Calculate the remainder when 17124 is divided by 5703.
15
What is the remainder when 220456 is divided by 110224?
8
What is the remainder when 6540 is divided by 32?
12
Calculate the remainder when 10296 is divided by 56.
48
What is the remainder when 31966 is divided by 31873?
93
What is the remainder when 21501 is divided by 55?
51
Calculate the remainder when 10723 is divided by 338.
245
What is the remainder when 13712 is divided by 67?
44
What is the remainder when 17479 is divided by 39?
7
Calculate the remainder when 212815 is divided by 194.
191
What is the remainder when 95711 is divided by 15?
11
Calculate the remainder when 11851 is divided by 27.
25
What is the remainder when 3181 is divided by 343?
94
What is the remainder when 32981 is divided by 266?
263
Calculate the remainder when 50845 is divided by 111.
7
Calculate the remainder when 169378 is divided by 431.
426
What is the remainder when 31613 is divided by 7893?
41
What is the remainder when 13620 is divided by 66?
24
Calculate the remainder when 19352 is divided by 403.
8
Calculate the remainder when 28299 is divided by 884.
11
Calculate the remainder when 46982 is divided by 125.
107
Calculate the remainder when 3117 is divided by 20.
17
Calculate the remainder when 80858 is divided by 304.
298
What is the remainder when 1362 is divided by 105?
102
Calculate the remainder when 4503 is divided by 321.
9
What is the remainder when 6009 is divided by 96?
57
What is the remainder when 2634 is divided by 436?
18
Calculate the remainder when 42520 is divided by 804.
712
Calculate the remainder when 7405 is divided by 3671.
63
What is the remainder when 955 is divided by 350?
255
Calculate the remainder when 57037 is divided by 79.
78
What is the remainder when 7426 is divided by 374?
320
What is the remainder when 171751 is divided by 39?
34
Calculate the remainder when 27443 is divided by 5.
3
What is the remainder when 57871 is divided by 280?
191
Calculate the remainder when 4882 is divided by 112.
66
What is the remainder when 869306 is divided by 17?
11
What is the remainder when 46395 is divided by 2577?
9
What is the remainder when 290821 is divided by 231?
223
Calculate the remainder when 94801 is divided by 274.
271
Calculate the remainder when 144439 is divided by 12.
7
Calculate the remainder when 23518 is divided by 336.
334
Calculate the remainder when 29907 is divided by 19.
1
Calculate the remainder when 39875 is divided by 13282.
29
What is the remainder when 157512 is divided by 231?
201
Calculate the remainder when 82581 is divided by 15.
6
Calculate the remainder when 130242 is divided by 32558.
10
Calculate the remainder when 4911 is divided by 90.
51
What is the remainder when 2213 is divided by 18?
17
What is the remainder when 205632 is divided by 24?
0
What is the remainder when 172100 is divided by 1388?
1376
Calculate the remainder when 8330 is divided by 2069.
54
Calculate the remainder when 679978 is divided by 30.
28
What is the remainder when 11336 is divided by 135?
131
Calculate the remainder when 78387 is divided by 11192.
43
What is the remainder when 250493 is divided by 249?
248
What is the remainder when 315527 is divided by 10?
7
Calculate the remainder when 12964 is divided by 11.
6
What is the remainder when 298388 is divided by 9042?
2
Calculate the remainder when 10372 is divided by 862.
28
Calculate the remainder when 124739 is divided by 25.
14
What is the remainder when 280601 is divided by 59?
56
Calculate the remainder when 234621 is divided by 591.
585
Calculate the remainder when 149342 is divided by 10.
2
Calculate the remainder when 137117 is divided by 146.
23
Calculate the remainder when 11068 is divided by 27.
25
What is the remainder when 5160 is divided by 459?
111
Calculate the remainder when 73 is divided by 36.
1
Calculate the remainder when 926 is divided by 54.
8
What is the remainder when 1631 is divided by 462?
245
What is the remainder when 896 is divided by 34?
12
Calculate the remainder when 840 is divided by 407.
26
Calculate the remainder when 3751 is divided by 274.
189
What is the remainder when 6390 is divided by 47?
45
What is the remainder when 94902 is divided by 171?
168
What is the remainder when 116036 is divided by 20?
16
Calculate the remainder when 60304 is divided by 785.
644
Calculate the remainder when 1089856 is divided by 117.
1
Calculate the remainder when 6877 is divided by 78.
13
What is the remainder when 13830 is divided by 988?
986
Calculate the remainder when 2345 is divided by 44.
13
Calculate the remainder when 5339 is divided by 13.
9
Calculate the remainder when 65122 is divided by 1586.
96
Calculate the remainder when 20291 is divided by 1261.
115
Calculate the remainder when 148723 is divided by 15.
13
What is the remainder when 124966 is divided by 1487?
58
Calculate the remainder when 